atest common factor of 869 and 501413.
869
Calculate the highest common divisor of 158295 and 346.
173
What is the greatest common divisor of 80 and 41848?
8
What is the highest common factor of 12428 and 176860?
956
What is the highest common factor of 733950 and 5?
5
What is the greatest common factor of 10044 and 868?
124
What is the highest common divisor of 451 and 5384489?
451
Calculate the highest common divisor of 491 and 1404751.
491
What is the greatest common divisor of 1578 and 75481?
263
What is the highest common divisor of 402 and 15564?
6
What is the highest common divisor of 16200 and 8625?
75
Calculate the highest common divisor of 2895 and 11025.
15
Calculate the highest common divisor of 1817389 and 14.
7
What is the greatest common divisor of 1596 and 342?
114
Calculate the highest common factor of 3618 and 2133.
27
What is the greatest common factor of 96096 and 160?
32
What is the highest common divisor of 7875 and 12000?
375
Calculate the greatest common divisor of 1987410 and 3.
3
What is the highest common divisor of 18 and 84198?
6
What is the highest common divisor of 215 and 444749?
43
What is the greatest common factor of 11023 and 949?
73
Calculate the greatest common divisor of 189 and 266517.
27
What is the greatest common factor of 114 and 109706?
38
What is the highest common factor of 3016 and 26013?
377
Calculate the highest common factor of 3867567 and 699.
699
Calculate the highest common factor of 2780 and 30.
10
Calculate the greatest common divisor of 29184 and 1596.
228
What is the greatest common factor of 192 and 246552?
24
Calculate the greatest common divisor of 4977 and 112.
7
Calculate the greatest common divisor of 28 and 592403.
7
What is the highest common factor of 35935 and 5?
5
What is the greatest common factor of 217360 and 60?
20
Calculate the highest common factor of 84 and 391356.
84
What is the greatest common factor of 78540 and 7548?
204
What is the highest common factor of 36 and 65358?
18
What is the greatest common factor of 13 and 237029?
13
Calculate the highest common factor of 286135 and 2581.
89
Calculate the greatest common factor of 10825 and 675.
25
What is the greatest common factor of 215246 and 1149?
383
Calculate the highest common factor of 24287 and 163.
163
Calculate the greatest common divisor of 6 and 82794.
6
Calculate the highest common divisor of 7456 and 3262.
466
Calculate the highest common divisor of 1920 and 19640.
40
What is the highest common factor of 42 and 311570?
14
What is the highest common divisor of 117 and 10161?
9
Calculate the greatest common factor of 40888 and 8.
8
Calculate the greatest common factor of 60 and 22725.
15
What is the greatest common divisor of 1091662 and 484?
242
What is the highest common factor of 414 and 101223?
207
What is the highest common factor of 554625 and 340?
85
Calculate the highest common factor of 810081 and 548.
137
Calculate the greatest common factor of 3944 and 7276.
68
Calculate the greatest common factor of 6 and 111134.
2
Calculate the highest common divisor of 1197 and 8568.
63
What is the greatest common factor of 32129 and 1083?
361
What is the highest common factor of 22327 and 1076?
269
What is the highest common factor of 8184 and 33?
33
What is the highest common factor of 35422 and 14726?
398
Calculate the highest common divisor of 49403 and 58739.
389
What is the highest common factor of 2872 and 36?
4
Calculate the highest common divisor of 1470 and 2102835.
735
Calculate the greatest common divisor of 7588485 and 2460.
615
Calculate the greatest common factor of 594 and 76329.
297
Calculate the greatest common factor of 298 and 7520.
2
What is the greatest common divisor of 4612920 and 4680?
1560
What is the greatest common divisor of 1054334 and 158?
158
What is the greatest common factor of 880 and 68420?
220
Calculate the greatest common factor of 1157161 and 2504.
313
Calculate the highest common factor of 55756 and 1908.
212
What is the highest common factor of 105 and 48615?
105
What is the highest common factor of 5118548 and 301?
43
What is the greatest common divisor of 174398 and 126?
14
Calculate the highest common divisor of 346463 and 14704.
919
Calculate the highest common divisor of 77238 and 36.
18
What is the greatest common factor of 215289 and 684?
171
Calculate the highest common divisor of 108768 and 8184.
264
Calculate the greatest common factor of 162597 and 83.
83
What is the highest common divisor of 9359 and 955?
191
Calculate the greatest common factor of 19480 and 40.
40
Calculate the highest common divisor of 5842 and 2286.
254
What is the highest common factor of 1106 and 3584?
14
What is the greatest common divisor of 72528 and 36?
12
Calculate the greatest common divisor of 248 and 328910.
62
Calculate the highest common factor of 462957 and 33.
33
Calculate the highest common factor of 1 and 103357.
1
Calculate the greatest common divisor of 18 and 23475852.
18
Calculate the greatest common divisor of 177810 and 318.
6
Calculate the highest common factor of 141577 and 2790.
31
Calculate the greatest common factor of 101972 and 424.
212
Calculate the greatest common divisor of 3080 and 19580.
220
What is the greatest common factor of 361440 and 135?
45
What is the highest common divisor of 14520 and 32340?
660
What is the greatest common factor of 61 and 2351123?
61
Calculate the highest common factor of 848 and 2936.
8
What is the greatest common factor of 1863 and 4?
1
What is the greatest common factor of 4088 and 476?
28
What is the greatest common factor of 36181 and 15293?
373
Calculate the greatest common divisor of 4448 and 96.
32
Calculate the greatest common factor of 18 and 17838.
18
Calculate the highest common factor of 341700 and 612.
204
Calculate the greatest common factor of 23 and 83099.
23
What is the highest common factor of 38 and 155705?
19
Calculate the greatest common divisor of 1242 and 23193.
27
What is the highest common factor of 40 and 1074750?
10
Calculate the greatest common factor of 32 and 5132.
4
What is the highest common divisor of 394 and 8865?
197
What is the highest common factor of 316140 and 1980?
660
What is the greatest common divisor of 186830 and 595?
595
Calculate the greatest common factor of 1325 and 27425.
25
Calculate the greatest common factor of 21 and 290073.
21
Calculate the highest common factor of 231462 and 330.
66
Calculate the highest common divisor of 669 and 5515459.
223
Calculate the highest common divisor of 66732 and 536.
268
What is the highest common factor of 27984 and 88?
88
What is the greatest common divisor of 363363 and 273?
273
What is the highest common divisor of 576905 and 38875?
1555
What is the greatest common divisor of 156774 and 10759?
1537
Calculate the highest common divisor of 403493 and 142.
71
Calculate the greatest common factor of 309 and 159.
3
What is the greatest common factor of 20618 and 366?
122
What is the greatest common factor of 17591424 and 488?
488
What is the greatest common divisor of 78914 and 1003?
17
Calculate the greatest common factor of 20293 and 1729.
91
Calculate the greatest common divisor of 1935288 and 40.
8
Calculate the greatest common factor of 1819 and 119.
17
What is the greatest common divisor of 34 and 810254?
34
What is the highest common divisor of 3552 and 43956?
444
What is the greatest common divisor of 1211 and 2253671?
1211
Calculate the highest common divisor of 501 and 371241.
501
What is the greatest common factor of 120243 and 12516?
447
Calculate the highest common divisor of 49933 and 35282.
299
Calculate the highest common factor of 16929 and 114.
57
What is the highest common divisor of 86121 and 147?
21
Calculate the greatest common divisor of 833657 and 11.
11
What is the greatest common divisor of 246 and 16309308?
246
What is the greatest common factor of 9386160 and 148?
148
Calculate the greatest common factor of 37849 and 2233.
7
What is the highest common factor of 619358 and 106?
106
Calculate the highest common divisor of 11 and 27247.
11
Calculate the greatest common factor of 320 and 1500.
20
What is the greatest common divisor of 1390 and 130?
10
Calculate the highest common divisor of 2516 and 23236.
148
Wha